usands digit of (372/8 + 4)*798/21?
1
Suppose -5*j + 15*a - 14*a + 139538 = 0, 2*j - 55799 = -5*a. What is the thousands digit of j?
7
Let d = -37 + -22. Let z = -57 - d. Suppose 2*j - 4*o - 120 = 0, -z*j + 5*o = -5*j + 235. What is the tens digit of j?
7
What is the tens digit of 180/(-25)*588280/(-168)?
1
Suppose 0 = 5*v - 5*l - 20, 0*v - 4*v - l = -1. Let b be ((-6)/7)/((-56)/49 + v). Suppose -b*u + 0*u = -282. What is the units digit of u?
7
Let n be (-3 + 3 + -1)*(2 - -185). Let s = -143 - n. What is the units digit of s?
4
Suppose 5*i - 3383 = 2*r - 25450, -3*r = 2*i - 33167. What is the units digit of r?
1
Suppose 17*s - 14*s + 30 = 0. What is the units digit of 4/s + (-33999)/(-35)?
1
Suppose -5*w + 4 = -16. Suppose -w = -m - 3*p, -2*p = m + 3*m - 26. Suppose m*t = 5*t + 126. What is the units digit of t?
3
Suppose -4*k - 1600 = -80. Let t = 623 + k. What is the tens digit of t?
4
Let q(b) = 5 + 11*b - 22*b + 10*b. Let a be q(0). Suppose -h - 123 = -3*x + 2*h, 3*x - 91 = -a*h. What is the units digit of x?
7
Let w(g) = -123*g - 35. Let d be w(-14). Suppose 23*n - 4746 = -d. What is the hundreds digit of n?
1
Let b = -27210 - -31630. What is the tens digit of b?
2
Suppose 31*r - 1320 = 7*r. Suppose 10 = 2*j, 5*w - 2*j = -3*j + r. What is the units digit of w?
0
Let s = 348 - 347. Suppose -4*l - 5*f = -1303 + 124, f = -s. What is the tens digit of l?
9
Suppose -5*r + 4 = -6. Let s = 7844 + -7574. Suppose -r*n - 4*b = -432, -3*b - 875 - s = -5*n. What is the units digit of n?
6
Let v = 1 - 29. Let r = 37 + v. Suppose 4*a - 23 = r. What is the units digit of a?
8
Let p(c) = 5*c**3 - c - 2. Suppose -7 + 0 = 4*i - 3*h, 3*h = -2*i + 1. Let w be p(i). What is the tens digit of ((-579)/15 - 1)*20/w?
3
Let v = -98976 + 165895. What is the units digit of v?
9
Suppose -81*z + 74*z + 1680 = 0. Suppose -11 = 4*b - 39. Suppose -2*u + b*u = z. What is the units digit of u?
8
Suppose 9*x + 13 - 13 = 0. Suppose -l - f - 1 + 9 = x, 7 = -l + 2*f. Suppose -d - l*d + 732 = 0. What is the units digit of d?
3
Let s(n) = n**2 - 21*n + 24. Suppose 166 = 10*x - 24. Let h be s(x). Let a = h + 21. What is the units digit of a?
7
Suppose 45*a = 630122 + 776848. Suppose 0 = -43*r + 16*r + a. What is the units digit of r?
8
What is the hundreds digit of 27 + -32 - (2 + -19850)?
8
Suppose -10 = -3*w + 11. Suppose 520 = -3*s + w*s. What is the units digit of 6*-2*s/(-15)?
4
Let k be ((-50)/4 + 8)/(1/(-14)). Suppose -9*b + 324 = -k. Let t = 7 + b. What is the units digit of t?
0
Let b(s) = 1325*s**2 - 176*s - 1114. What is the thousands digit of b(-7)?
5
Suppose 0 = 258*r - 163000 - 140408. What is the hundreds digit of r?
1
What is the units digit of 22/((-176)/12)*-1246?
9
Suppose -93 - 33 = 2*a. Let h = 250 - 103. Let x = h + a. What is the units digit of x?
4
Let f(n) = -n**3 - 3*n**2 + 4*n + 1. Let b be (-1)/4 - 3 - 12/16. Let l be f(b). What is the units digit of 99*l + (3/1 - 6)?
6
Let w(b) = -2*b**2 + 2*b - 1. Let u(c) = 2*c**3 - c**2 + 32*c + 44. Let t(k) = -u(k) + 5*w(k). What is the units digit of t(-8)?
5
Let k = 23450 - 15939. What is the hundreds digit of k?
5
What is the units digit of (-2)/(-3) - (-364)/6*98?
6
Let s(y) = -1756*y + 2049. What is the ten thousands digit of s(-9)?
1
Suppose -35380 = -5*y + 4*x, 241*x - 239*x = 3*y - 21228. What is the tens digit of y?
7
Let j = -480 - -354. Let l = j + 683. What is the hundreds digit of l?
5
Let b be (-2)/11 - 191872/(-176). Suppose -4*i + 2*w + b = 0, -418 = -i - 4*w - 132. What is the hundreds digit of i?
2
Suppose 34 = 16*d - 14. Suppose -d*h - 4*c = -1180, 2*c - 5*c + 1985 = 5*h. What is the tens digit of h?
0
Let z(d) = 97*d - 66. Let c be z(4). Let v = c - 159. What is the hundreds digit of v?
1
Suppose -11*w - 2945 = -16*w. Let z = -354 + w. Let l = 364 - z. What is the tens digit of l?
2
What is the units digit of (0 + 5374 - -12) + 1*(-1 + 4)?
9
Let y = 37 + -32. Suppose -2*k - r + 956 = 0, y*k + r + r = 2388. Suppose 9*m + k = 1808. What is the hundreds digit of m?
1
Let l(q) = 4*q + 26. Let x be l(-9). Let f(z) = -z + 19. Let p be f(x). Suppose 692 = 5*j + 4*h, -4*h - 95 = -j + p. What is the units digit of j?
6
Let i = 59 - 54. Suppose 0 = 2*k - 0*k + i*s + 17, 2*k = 2*s + 18. Suppose -2*l + 176 = k*o, -4*o - 19 = -2*l + 197. What is the units digit of l?
8
Suppose -3048 = 3*j - 945. Let o = 1380 + j. What is the tens digit of o?
7
Let v = 70 + 7. Suppose -2740 = 73*q - v*q. What is the tens digit of q?
8
Suppose 5*p = 107397 + 27483. Suppose -13*b = 11*b - p. What is the tens digit of b?
2
Let v(h) = -105*h**3 - 11*h**2 - 62*h - 35. What is the units digit of v(-6)?
1
Let v = 10860 - -12761. What is the ten thousands digit of v?
2
What is the hundreds digit of ((-3 - (-462)/140)*-4)/(1/(-64455))?
3
Let b(s) = -3*s**2 + 41*s + 7. Let c(v) = -4*v**2 + 62*v + 11. Let m(t) = 7*b(t) - 5*c(t). Let u be m(11). Let o = u + 545. What is the tens digit of o?
6
What is the units digit of (-9056)/(-6) + 102/153 + 8?
8
Suppose -15*t + 35406 + 54273 = -32166. What is the tens digit of t?
2
Suppose 7 = q - 4*x, 7 + 6 = -q - x. Let u = q + 12. Suppose 100 = -o + u*o. What is the units digit of o?
0
Let h = 10569 + -5535. What is the hundreds digit of h?
0
Let p = -8 + 13. Let s = 882 + -879. Suppose 0*c - s*c = -5*t - 28, p = -5*c - 2*t. What is the units digit of c?
1
Let v = -41 - -77. Suppose -x = -32 + v. Let i = 115 - x. What is the tens digit of i?
1
Let g be ((-10)/4)/((-2)/(-20)). Let j = g + 30. Suppose h - 132 = -j*h. What is the units digit of h?
2
Suppose 5*p + 2*a + 33 = -12, -5*p = 3*a + 40. Let x(k) be the second derivative of -k**3 + 16*k**2 - k. What is the units digit of x(p)?
8
Suppose -68*j + 974671 = 72651. What is the ten thousands digit of j?
1
Suppose 4*c - 2*j - 111336 = 0, -69*c + 68*c + j = -27831. What is the ten thousands digit of c?
2
Suppose 759 = 24*p - 23*p + 2*y, 3*p + 5*y = 2275. What is the tens digit of p?
5
What is the tens digit of (17576/(-10))/(2/(-10))?
8
Let u(s) = -2*s + 13. Let c be u(4). Suppose -f + 843 = -3*o, -f + 0*f - c*o + 827 = 0. What is the units digit of f?
7
Let g = -807 + -3537. Let c = g + 9124. Suppose -c = -12*o - 8*o. What is the units digit of o?
9
Let y = -38 - -42. Suppose -f = -5*f + 4*u + y, 5*f + 4*u = 32. Suppose 0 = -f*s + 8*s - 140. What is the tens digit of s?
3
Suppose -91386 = 38*p - 327328. What is the thousands digit of p?
6
Let i(u) = 4*u - 63. Let q(g) = -2*g + 32. Let v(l) = -3*i(l) - 5*q(l). Let c be v(-14). Let z = c + 10. What is the tens digit of z?
6
Suppose -4*m + 456 = 4*o + 40, 0 = -o - 2*m + 107. What is the units digit of o?
1
Let i(n) = 4*n**3 - 34 + 19*n**2 + 11*n + 4*n**3 + 3*n**3 - 12*n**3. Let j be i(19). Let f = j + 4. What is the units digit of f?
9
Let d be ((-26)/6 - -4)*1182. Let j = 7 - d. What is the hundreds digit of j?
4
Let i be 6*9/(-108)*(-4 + -10) - 9. Let v(q) be the third derivative of 37*q**5/60 + q**4/8 + q**3/2 - 2*q**2. What is the hundreds digit of v(i)?
1
Suppose 4*n = 4, -n = -5*q + 3*q + 249. Let m = q + 25. What is the units digit of m?
0
Let u be (-3 - 0) + 6 + -2. Let o be (-32)/20*u*10/(-4). Suppose -2*r + o*d = -7*r + 479, 4*d + 214 = 2*r. What is the units digit of r?
9
What is the thousands digit of (-27)/((-216)/40) - -61*147?
8
Let u be (-1)/((-3)/(-340))*-3. Suppose z - 3*b + b - 161 = 0, 0 = 2*z + 2*b - u. What is the hundreds digit of z?
1
What is the ten thousands digit of (1 + -3 - -3) + (-10253100)/(-239)?
4
Let u(s) = 16*s - 41. Let l be u(6). Suppose -61 = -b - l. Let d(i) = 2*i**3 - 8*i**2 + i - 4. What is the units digit of d(b)?
6
Let h = -21936 + 27079. What is the hundreds digit of h?
1
Suppose f - 17762 = 2*t, 17797 = f + 24*t - 19*t. What is the units digit of f?
2
Suppose -q - 46 = -49. Suppose 0 = p - 5, 16*f = 17*f + q*p - 366. What is the hundreds digit of f?
3
Let o(m) = -m. Let h(d) = 202*d**2 - 5*d - 2. Let r(i) = h(i) - 5*o(i). Let y be r(-1). Suppose -10*j = -5*j - y. What is the tens digit of j?
4
Let s(k) = 2*k**2 - 6*k + 3. Let i be s(3). What is the units digit of i*1*6160/66?
0
Let n(p) = 7*p - 1. Let r be n(1). Suppose r*x - 984 = 2*x. Let t = x + -120. What is the units digit of t?
6
Let q(j) = 69*j - 5. Let t be q(1). Suppose -o + t = 16. Let b = 98